et f be z(1). Let x = f + h. What is the units digit of x?
3
Let k = 6 - 2. Suppose o - 4 = -2*o - 4*u, 3*u - 3 = k*o. Let m(i) = i**3 - i**2 - i + 69. What is the units digit of m(o)?
9
Let x = -692 + 696. Suppose -5*m = -x*u + 1773 + 2322, 3*m + 9 = 0. What is the hundreds digit of u?
0
Let y(u) be the first derivative of 5*u**3/3 - 5*u**2/2 + 4*u + 4. Let s(c) = c**3 - 15*c**2 + c - 9. Let l be s(15). What is the units digit of y(l)?
4
Suppose 11*q - 7 = 15. What is the units digit of 224 - 0/5*(-1)/q?
4
Suppose -15*j + 2 = -73. Suppose 0 = -5*q + 3*c + 1115, -j*q + c - 909 = -9*q. What is the tens digit of q?
2
Let c = 26005 + -14551. What is the tens digit of c?
5
Let c = -225 - -331. Suppose -57 - c = -j. What is the hundreds digit of j?
1
Suppose 5*g - 105444 = v, 2*g + 7*v - 42210 = 2*v. What is the units digit of g?
0
Let x(v) = 174*v**2 + 10*v - 22. What is the units digit of x(5)?
8
Suppose 14237 = 18*n - 71564 - 59819. What is the tens digit of n?
9
Suppose -258*l + 5153141 - 2921988 + 4055533 = 0. What is the hundreds digit of l?
3
Let v be ((-6)/(-10))/(10/250). Let m = -69 + 126. Suppose -m - v = -12*l. What is the units digit of l?
6
Let h(i) = 2*i**3. Suppose -5*x + 0*c + c + 2 = 0, x = -c - 2. Let d be 1 + x + 15/5. What is the tens digit of h(d)?
2
Let z = 94290 - 27177. What is the ten thousands digit of z?
6
Let i(m) = 4*m**2 + 26*m + 46. Let z be i(-2). What is the hundreds digit of (-1216)/(-5) - z/50?
2
Suppose -m - 4*m - p = -24, p + 1 = 0. Suppose 2*f - g - 10 - 3 = 0, -3*f - 4*g = -25. Suppose u - f - m = 0. What is the units digit of u?
2
Suppose 5*d + 0*b + 3*b + 52 = 0, -4*d + b - 45 = 0. Let z be (4 + (-1805)/15)*(-2 - d). What is the tens digit of z/(-5) + (-6)/(-10)?
1
Suppose g + 3*g + 5*m - 79 = 0, -3*g - 4*m = -60. Let i = g + -55. Let f = i + 81. What is the tens digit of f?
4
Suppose 0 = -17*c - 29*c + 805966. What is the hundreds digit of c?
5
Suppose -9935*p + 9930*p = -7725. What is the units digit of p?
5
Let t be 6 + -13 + -825 - 3. Let o = -281 - t. What is the hundreds digit of o?
5
Suppose 4*i - 2*i - 28 = 0. Suppose 10*s + 482 = i*s - 5*o, -s = 4*o - 131. What is the tens digit of s?
2
Suppose 156*k - 123*k = 192192. What is the hundreds digit of k?
8
Suppose -o + 4*r = -15, o + 21 = 4*o - 4*r. Suppose -q + 256 = t, 6*t = t + o*q + 1272. What is the hundreds digit of t?
2
Suppose -7*j - 34 = 3*y - 5*j, -4*y + 3*j = 68. What is the hundreds digit of y/91 + (-24054)/(-26)?
9
Let g(p) = -p**3 + 6*p**2 - 3*p - 7. Let t be g(5). Let b(d) = -d + 6. Let u be b(t). Suppose 0 = -4*z - 3 - 5, -4*z = u*f - 139. What is the units digit of f?
9
Suppose 0 = 127*u - 1062357 - 184910. What is the hundreds digit of u?
8
Suppose 9*w - 38 - 7 = 0. Suppose 171 = w*r - 339. Let g = -12 + r. What is the tens digit of g?
9
Suppose 3*j - 116446 = -4*v, 10*v - 11*v + j = -29122. What is the ten thousands digit of v?
2
Let n be 2 + (-2124)/42 - 6/14. Let h = n - -48. What is the units digit of (19 + 2 - -2) + h?
2
Suppose -33051 = -3*g - 4*y + 4483, -4*g = 4*y - 50040. What is the ten thousands digit of g?
1
Let o = 25030 + -15910. What is the thousands digit of o?
9
Suppose 5*a - 25 = 4*m, 12*a - 25 = 7*a + 3*m. Suppose -a*z - 5*n + 5040 = -0*z, -4*z - n + 4032 = 0. What is the hundreds digit of z?
0
Let k = -10499 - -18740. What is the thousands digit of k?
8
Let y(m) = -5*m**2 - 19*m - 11. Let c be y(-13). Let z = -320 - c. What is the units digit of z?
9
Suppose -163*h + 1813757 = -96*h. What is the ten thousands digit of h?
2
Let p be (6 - 4) + 2 + 20. Suppose 0 = p*n - 6358 - 3818. What is the hundreds digit of n?
4
Suppose -31 = -13*h + 8. Suppose -3*y + 1133 = 4*v - 343, 2*v + 1476 = h*y. What is the units digit of y?
2
Let q(t) = t**2 + 9*t + 2. Let p(u) = -2*u + 2. Let g be p(6). Let d be q(g). What is the units digit of (-2 + 15)/(3/(d*2))?
4
Suppose 233*t - 171614 - 104128 - 756681 = 0. What is the tens digit of t?
3
Suppose -15*g + 13*g = -3*h + 67112, -3*g + 89477 = 4*h. What is the thousands digit of h?
2
Let h(o) = 24*o**2 + 49*o - 677. What is the units digit of h(-31)?
8
Let r(s) = s**2 - 5*s - 6. Let j be r(7). Suppose c = y - 3 + 11, -4*c = 4*y + j. What is the units digit of y/(-3)*(53 + -17)?
0
Let s = 165 - 161. Suppose s*h + 3*l = 393, -33 = -2*h - 2*l + 161. What is the tens digit of h?
0
Let i(g) = 3*g**2 - 58*g - 3. What is the hundreds digit of i(-20)?
3
Suppose -2*s = -3*k - 8567, -3*s + 10329 + 2519 = -2*k. What is the units digit of s?
2
Let p be (-8)/5*(-30)/(-12). What is the units digit of (623/15 + p/12)*20?
4
Let d(b) = 28*b + 5. Let w be d(13). Let v be (180/405)/(1/9). Suppose -5*i + w = v*i. What is the units digit of i?
1
Suppose -7*q - 8 = 13. Let k(l) = 27*l**2 - 2*l + 7. What is the units digit of k(q)?
6
Let f = 42 + -39. Let l(c) = -c**3 + 5*c**2 - 5*c. Let a be l(f). Suppose 0 = 3*z - 4*t - 110, -125 = -4*z + a*t - 2*t. What is the tens digit of z?
3
Let m(o) = 85*o - 490. What is the units digit of m(56)?
0
What is the hundreds digit of (-15605)/(9 - (23 + -13))?
6
Let s(r) = -308*r - 413. What is the tens digit of s(-52)?
0
Suppose 0 = 3*m - 13 + 4, 3*m = -4*o + 23221. What is the tens digit of o?
0
Suppose -4*n - 2*k = 1291 - 31875, -n + 5*k = -7624. Suppose n = -31*s + 35*s - 4*t, 2*s + 5*t = 3850. What is the tens digit of s?
1
Let x = 7043 - 2042. What is the tens digit of x?
0
Suppose -2*k + 5*d + 18914 = 0, -95*k + d = -91*k - 37792. What is the thousands digit of k?
9
What is the units digit of 6258/1 + 1/(1/(-7))?
1
Let i(t) = 12 - t**3 + 19*t + 0*t**3 + 2*t**3 - 7*t**2 + 0*t**2. What is the units digit of i(8)?
8
Let m = 6194 + 157. What is the units digit of m?
1
Let x be (68915/(-30))/(-11) + (-2)/(-12). Suppose 0 = 4*j - x - 183. Suppose -3*w = y - 218, 0 = -2*w + 5*y + 19 + j. What is the units digit of w?
1
Let q = -1491 - -3846. What is the hundreds digit of q?
3
Suppose 6909 = -3*w + b + 40961, -b + 79438 = 7*w. What is the thousands digit of w?
1
Suppose 4*h + 44 = 4*u - 0*h, 4*h = -u + 21. Let b(j) = 2*j - 21. Let w be b(u). Suppose 5*t + c = 56 + 59, -t + 23 = w*c. What is the tens digit of t?
2
Suppose -2882 = -l - r, 11533 = -19*l + 23*l + 3*r. What is the tens digit of l?
8
Let t be (-52)/(-117) + (-2958)/(-27). Let k = 0 + 8. Suppose -2*b = 2*g - b - t, k = -2*b. What is the tens digit of g?
5
What is the hundreds digit of (-3 + 0 + 0)/((-8)/145664*6)?
1
Let h(l) = 3464*l**2 + 148*l + 592. What is the tens digit of h(-4)?
2
Suppose 0 = g + 3*g - j - 475, 124 = g + 5*j. Let y = g + -120. What is the units digit of y + -1 - 34*14/(-4)?
7
Let q(i) = 16. Let t(v) = 105*v + 1 - 58*v - 49*v. Let f(l) = -q(l) - 3*t(l). What is the units digit of f(5)?
1
Let v = -89 + 38. Let z = v + 50. What is the units digit of -4 + 188/((-4)/z)?
3
What is the hundreds digit of (102 + (-1 - -1))*((-11704)/(-66) + -47)?
2
Suppose -7*f + 5*i - 2831 = -11*f, 3585 = 5*f - 3*i. Let t(x) = x**3 + 3*x**2 + 1. Let j be t(-3). What is the units digit of j*2/(-8) - f/(-8)?
9
Let n(f) = 2*f**2 - 5. Let k be n(-9). Suppose h - k = 15. What is the units digit of h?
2
Suppose 0*p - 3564 = -33*p. Suppose 16*z - p = 1716. What is the hundreds digit of z?
1
Let k be (-8)/(-64) + 62/16. What is the hundreds digit of 1130*6/60*k?
4
Suppose -2*n + 4*f - 5*f + 11714 = 0, 0 = -4*n - f + 23426. What is the hundreds digit of n?
8
Let a = -72167 - -102769. What is the thousands digit of a?
0
Let n = 25951 - 12334. What is the hundreds digit of n?
6
Suppose 102*s = 19*s + 172557. What is the hundreds digit of s?
0
Let b = 29693 + -3429. What is the tens digit of b?
6
Suppose -30*v + 10 = -32*v. What is the hundreds digit of ((-210)/8)/(v/(-160)*-2)?
4
Suppose 120299 = 46*c + 45216 - 130169. What is the thousands digit of c?
4
Suppose -3*d = 0, -5*d + 32 = 2*a - 3*d. What is the hundreds digit of (1270/(-9) - a/72)*-3?
4
Let l(q) = q**2 - 7*q - 18. Let v be l(9). Suppose b = -17*u + 14*u + 818, -2*u - b + 546 = v. What is the tens digit of u?
7
Suppose 205*z - 11574900 = 118*z - 213*z. What is the ten thousands digit of z?
3
Let u = -15590 - -36399. What is the thousands digit of u?
0
Let p(z) = 947*z - 1939. What is the tens digit of p(36)?
5
Suppose 13*j - 15*j = -634. Suppose -u = -41 + 194. L